ivide 84?
True
Is 533 a multiple of 13?
True
Does 54 divide 1314?
False
Is 6 even?
True
Is 13 a factor of 10714?
False
Does 28 divide 84?
True
Is 52 a factor of 542?
False
Is 32040 a multiple of 15?
True
Is 3509 a multiple of 10?
False
Is 21042 a multiple of 63?
True
Is 11 a factor of 385?
True
Does 21 divide 15246?
True
Is 2942 a multiple of 116?
False
Does 11 divide 50699?
True
Is 34 a factor of 1227?
False
Is 128 a factor of 15939?
False
Does 20 divide 21221?
False
Is 40 a factor of 6160?
True
Does 142 divide 27670?
False
Does 5 divide 2965?
True
Is 13 a factor of 637?
True
Does 16 divide 570?
False
Is 9 a factor of 1279?
False
Is 300 a multiple of 12?
True
Is 2449 a multiple of 79?
True
Is 123 a multiple of 3?
True
Does 10 divide 1050?
True
Does 183 divide 10818?
False
Is 2427 a multiple of 14?
False
Does 18 divide 342?
True
Is 560 a multiple of 11?
False
Is 86635 a multiple of 30?
False
Is 1290 a multiple of 14?
False
Is 9029 a multiple of 5?
False
Is 35 even?
False
Is 3240 a multiple of 15?
True
Is 700 a multiple of 36?
False
Is 26325 a multiple of 39?
True
Is 37923 a multiple of 34?
False
Is 7 a factor of 1017?
False
Is 2808 a multiple of 27?
True
Is 10 a factor of 1352?
False
Does 58 divide 7502?
False
Is 2414 a multiple of 11?
False
Does 43 divide 13674?
True
Is 6 a multiple of 2?
True
Is 30786 a multiple of 14?
True
Does 229 divide 11908?
True
Does 4 divide 2900?
True
Is 29 a factor of 408?
False
Is 10006 a multiple of 6?
False
Is 48077 a multiple of 131?
True
Is 15 a factor of 5515?
False
Is 10 a factor of 2719?
False
Does 63 divide 685?
False
Does 8 divide 112?
True
Is 3 a factor of 166?
False
Does 115 divide 28479?
False
Does 18 divide 37486?
False
Is 11 a factor of 16170?
True
Is 2261 a multiple of 17?
True
Is 44306 a multiple of 86?
False
Does 5 divide 511?
False
Does 119 divide 17495?
False
Is 3841 a multiple of 21?
False
Is 5568 a multiple of 12?
True
Is 20457 a multiple of 143?
False
Does 43 divide 6352?
False
Is 4 a factor of 281?
False
Does 61 divide 793?
True
Is 44 a multiple of 11?
True
Does 107 divide 7597?
True
Is 21 a factor of 105?
True
Does 15 divide 1500?
True
Is 20 a factor of 134?
False
Is 43 a factor of 473?
True
Is 2604 a multiple of 93?
True
Is 242 a multiple of 3?
False
Does 15 divide 2633?
False
Is 39555 a multiple of 43?
False
Is 33396 a multiple of 44?
True
Is 288 a multiple of 36?
True
Is 52228 a multiple of 22?
True
Is 2997 a multiple of 37?
True
Is 20078 a multiple of 33?
False
Does 304 divide 34631?
False
Does 172 divide 7912?
True
Is 4 a factor of 25?
False
Is 240 a multiple of 12?
True
Is 25889 a multiple of 44?
False
Does 19 divide 399?
True
Is 494 a multiple of 19?
True
Does 22 divide 5348?
False
Does 55 divide 1791?
False
Is 5398 a multiple of 7?
False
Is 1192 a multiple of 14?
False
Is 4026 a multiple of 9?
False
Is 13 a multiple of 9?
False
Is 192 a multiple of 4?
True
Is 575 a multiple of 18?
False
Does 17 divide 5236?
True
Is 190 a multiple of 5?
True
Is 575 a multiple of 25?
True
Does 129 divide 252?
False
Is 30 even?
True
Does 17 divide 44641?
False
Is 9363 a multiple of 107?
False
Is 26 a factor of 13125?
False
Is 159 a factor of 5088?
True
Is 501 a multiple of 20?
False
Does 4 divide 492?
True
Is 42947 a multiple of 14?
False
Does 144 divide 94896?
True
Does 49 divide 1519?
True
Does 61 divide 8784?
True
Is 17 a factor of 591?
False
Is 143 a factor of 6006?
True
Does 41 divide 7667?
True
Is 138 a multiple of 3?
True
Does 4 divide 263?
False
Is 551 a multiple of 19?
True
Does 9 divide 6570?
True
Does 18 divide 792?
True
Is 360 a multiple of 18?
True
Is 153 a multiple of 17?
True
Does 4 divide 1367?
False
Is 17 a multiple of 8?
False
Is 184 a factor of 38286?
False
Does 41 divide 13236?
False
Is 6626 a multiple of 16?
False
Is 3909 a multiple of 101?
False
Does 140 divide 3920?
True
Is 5 a factor of 2720?
True
Does 2 divide 810?
True
Does 47 divide 14758?
True
Is 31 a factor of 36993?
False
Is 11 a factor of 6908?
True
Is 95 a factor of 2270?
False
Is 2882 a multiple of 131?
True
Is 11 a factor of 506?
True
Does 26 divide 182?
True
Is 64 a factor of 1209?
False
Does 12 divide 3996?
True
Is 247 a multiple of 2?
False
Is 539 a multiple of 49?
True
Is 962 a multiple of 13?
True
Is 21195 a multiple of 27?
True
Is 768 a multiple of 68?
False
Is 10 a factor of 19081?
False
Is 594 a multiple of 11?
True
Is 21 a factor of 15921?
False
Is 3819 a multiple of 19?
True
Does 4 divide 348?
True
Is 26 a factor of 4077?
False
Does 8 divide 35929?
False
Is 2 a factor of 36?
True
Is 884 a multiple of 11?
False
Is 3360 a multiple of 15?
True
Does 22 divide 9562?
False
Is 2250 a multiple of 18?
True
Does 15 divide 100?
False
Is 8 a factor of 624?
True
Is 260 a multiple of 10?
True
Does 49 divide 1819?
False
Is 37 a multiple of 2?
False
Is 9 a factor of 351?
True
Is 12886 a multiple of 17?
True
Is 63 a factor of 81702?
False
Is 348 a multiple of 80?
False
Does 75 divide 720?
False
Is 669 a multiple of 22?
False
Is 985 a multiple of 13?
False
Is 6351 a multiple of 87?
True
Does 60 divide 15540?
True
Is 9 a factor of 2019?
False
Is 2121 a multiple of 21?
True
Does 14 divide 1426?
False
Does 57 divide 1419?
False
Is 6350 a multiple of 10?
True
Is 2503 a multiple of 9?
False
Does 36 divide 2260?
False
Does 57 divide 1026?
True
Is 56 a multiple of 18?
False
Is 3757 a multiple of 13?
True
Does 12 divide 18480?
True
Does 27 divide 891?
True
Does 19 divide 2147?
True
Is 2 a factor of 652?
True
Does 6 divide 550?
False
Is 27 a factor of 3105?
True
Is 532 a multiple of 47?
False
Is 14 a factor of 1946?
True
Does 9 divide 9468?
True
Is 9 a factor of 1026?
True
Is 5400 a multiple of 36?
True
Is 34320 a multiple of 66?
True
Is 8 a factor of 14174?
False
Is 1183 a multiple of 6?
False
Is 3 a factor of 33?
True
Does 7 divide 29?
False
Does 4 divide 3308?
True
Does 261 divide 6786?
True
Is 1235 a multiple of 95?
True
Is 489 even?
False
Is 68 a factor of 612?
True
Is 2136 a multiple of 7?
False
Is 833 a multiple of 33?
False
Does 7 divide 1526?
True
Is 48 a factor of 336?
True
Is 64 a factor of 15133?
False
Does 6 divide 882?
True
Is 5799 a multiple of 12?
False
Is 4 a factor of 447?
False
Does 16 divide 580?
False
Is 54 a factor of 4482?
True
Does 15 divide 14586?
False
Is 1392 a multiple of 24?
True
Is 113 a factor of 9030?
False
Is 24 a factor of 3616?
False
Does 24 divide 480?
True
Does 22 divide 54450?
True
Is 29 a multiple of 24?
False
Is 2628 a multiple of 36?
True
Does 156 divide 3009?
False
Does 12 divide 10860?
True
Does 381 divide 59055?
True
Is 26976 a multiple of 18?
False
Does 13 divide 548?
False
Is 10 a factor of 3260?
True
Is 78368 a multiple of 79?
True
Is 1357 a multiple of 53?
False
Is 3708 a multiple of 45?
False
Does 8 divide 704?
True
Is 6 a factor of 280?
False
Does 6 divide 7113?
False
Does 8 divide 712?
True
Is 3156 a multiple of 10?
False
Is 97 a multiple of 23?
False
Is 19 a factor of 15918?
False
Is 3243 a multiple of 14?
False
Is 78 a factor of 4493?
False
Is 29 a factor of 3187?
False
Is 228 a multiple of 4?
True
Is 3952 a multiple of 52?
True
Does 8 divide 7266?
False
Is 30148 a multiple of 20?
False
Is 7 a factor of 60793?
False
Does 51 divide 2652?
True
Does 16 divide 9598?
False
Does 22 divide 2794?
True
Is 14 a factor of 7044?
False
Is 7 a factor of 2632?
True
Is 57821 a multiple of 44?
False
Is 75 a factor of 3980?
False
Is 28 a factor of 11144?
True
Is 17 a factor of 5202?
True
Is 6 a factor of 12672?
True
Is 89 a factor of 10591?
True
Is 194 a multiple of 2?
True
Does 14 divide 1424?
False
Is 22 a factor of 308?
True
Is 13008 a multiple of 69?
False
Is 10 a factor of 980?
True
Is 6083 a multiple of 79?
True
Is 2016 a multiple of 63?
True
Is 12 a factor of 660?
True
Is 2310 a multiple of 70?
True
Is 616 a multiple of 11?
True
Is 17049 a multiple of 64?
False
Does 18 divide 91329?
False
Is 85 a factor of 6630?
True
Is 99 a factor of 24255?
True
Does 19 divide 177?
False
Is 11033 a multiple of 9?
False
Is 36 a factor of 2713?
False
Is 43 even?
False
Is 2226 a multiple of 21?
True
Is 7 a factor of 30123?
False
Is 25986 a multiple of 191?
False
Is 454 a multiple of 7?
False
Is 88 a factor of 65560?
True
Does 4 divide 365?
False
Does 34 divide 646?
True
Does 3 divide 1296?
True
Is 54 a factor